5775273.
3, 7, 30557
What are the prime factors of 16553002?
2, 17, 593, 821
What are the prime factors of 5023345?
5, 1004669
List the prime factors of 104235.
3, 5, 6949
What are the prime factors of 737109?
3, 81901
What are the prime factors of 1058259?
3, 352753
List the prime factors of 2917565.
5, 7, 31, 2689
What are the prime factors of 894757?
571, 1567
List the prime factors of 137031.
3, 45677
List the prime factors of 62106.
2, 3, 11, 941
List the prime factors of 3878563.
13, 61, 67, 73
What are the prime factors of 3164196?
2, 3, 7, 139, 271
What are the prime factors of 674786?
2, 7, 157, 307
What are the prime factors of 548688?
2, 3, 7, 23, 71
What are the prime factors of 170549?
29, 5881
List the prime factors of 6929984.
2, 19, 41, 139
What are the prime factors of 15619958?
2, 7809979
What are the prime factors of 3454075?
5, 138163
List the prime factors of 3624309.
3, 13, 30977
What are the prime factors of 1218915?
3, 5, 9029
What are the prime factors of 6461770?
2, 5, 7, 92311
List the prime factors of 7187683.
7187683
List the prime factors of 5765607.
3, 19, 11239
What are the prime factors of 5701503?
3, 1900501
List the prime factors of 16025.
5, 641
List the prime factors of 172439.
172439
List the prime factors of 262630.
2, 5, 26263
List the prime factors of 27515183.
4157, 6619
List the prime factors of 21441237.
3, 29, 41, 6011
What are the prime factors of 4008950?
2, 5, 11, 37, 197
List the prime factors of 4349833.
4349833
What are the prime factors of 1410313?
19, 199, 373
What are the prime factors of 3504955?
5, 283, 2477
What are the prime factors of 1259790?
2, 3, 5, 7, 857
List the prime factors of 1297736.
2, 11, 14747
List the prime factors of 734731.
31, 137, 173
List the prime factors of 441256.
2, 19, 2903
List the prime factors of 573724.
2, 19, 7549
List the prime factors of 445217.
139, 3203
What are the prime factors of 798723?
3, 88747
List the prime factors of 258879.
3, 86293
What are the prime factors of 908?
2, 227
List the prime factors of 8621833.
11, 783803
What are the prime factors of 9238715?
5, 37, 49939
What are the prime factors of 6567400?
2, 5, 7, 4691
What are the prime factors of 54759?
3, 18253
List the prime factors of 36796.
2, 9199
List the prime factors of 7028389.
7028389
What are the prime factors of 475399?
19, 131, 191
What are the prime factors of 1792553?
7, 256079
What are the prime factors of 198979?
11, 18089
List the prime factors of 323012.
2, 23, 3511
List the prime factors of 2126636.
2, 73, 7283
What are the prime factors of 4931676?
2, 3, 136991
What are the prime factors of 12042443?
7, 17, 101197
What are the prime factors of 412289?
412289
List the prime factors of 15847680.
2, 3, 5, 4127
What are the prime factors of 580686?
2, 3, 17, 5693
What are the prime factors of 189360?
2, 3, 5, 263
What are the prime factors of 14870?
2, 5, 1487
What are the prime factors of 185517?
3, 6871
List the prime factors of 1671407.
97, 17231
List the prime factors of 1803799.
1803799
What are the prime factors of 1894581?
3, 13, 16193
List the prime factors of 59921.
59921
What are the prime factors of 6839737?
29, 227, 1039
What are the prime factors of 858608?
2, 103, 521
What are the prime factors of 7098215?
5, 1419643
What are the prime factors of 232575?
3, 5, 7, 443
What are the prime factors of 15371336?
2, 1921417
List the prime factors of 764833.
173, 4421
What are the prime factors of 3535857?
3, 13, 47, 643
What are the prime factors of 200449?
41, 4889
List the prime factors of 2082221.
83, 25087
List the prime factors of 112304.
2, 7019
List the prime factors of 712017.
3, 26371
What are the prime factors of 257963?
19, 13577
List the prime factors of 1359607.
29, 173, 271
What are the prime factors of 4490796?
2, 3, 23, 53, 307
List the prime factors of 3655536.
2, 3, 76157
What are the prime factors of 2320994?
2, 13, 89269
What are the prime factors of 7271220?
2, 3, 5, 11, 23, 479
List the prime factors of 824358.
2, 3, 137393
What are the prime factors of 2439898?
2, 1219949
What are the prime factors of 176350?
2, 5, 3527
What are the prime factors of 1330173?
3, 13, 11369
What are the prime factors of 585060?
2, 3, 5, 7, 199
What are the prime factors of 87042?
2, 3, 89, 163
What are the prime factors of 216301?
163, 1327
List the prime factors of 152091.
3, 43, 131
What are the prime factors of 81312?
2, 3, 7, 11
List the prime factors of 1039972.
2, 259993
What are the prime factors of 567788?
2, 13, 61, 179
List the prime factors of 6757793.
7, 965399
List the prime factors of 33049459.
23, 1436933
List the prime factors of 4124263.
11, 13, 151, 191
List the prime factors of 8785858.
2, 4392929
What are the prime factors of 2714107?
11, 137, 1801
List the prime factors of 182533.
13, 19, 739
What are the prime factors of 61689?
3, 20563
What are the prime factors of 203575?
5, 17, 479
List the prime factors of 55531.
7, 7933
List the prime factors of 3937691.
3937691
What are the prime factors of 81163?
81163
List the prime factors of 26780548.
2, 113, 179, 331
List the prime factors of 2200541.
7, 44909
What are the prime factors of 1141557?
3, 109, 3491
What are the prime factors of 20644437?
3, 11, 625589
What are the prime factors of 9299287?
31, 299977
List the prime factors of 6145139.
7, 11, 13, 877
List the prime factors of 387059.
53, 67, 109
What are the prime factors of 31205870?
2, 5, 53, 97, 607
List the prime factors of 6932645.
5, 79, 17551
List the prime factors of 3507866.
2, 61, 28753
List the prime factors of 2280845.
5, 7, 65167
What are the prime factors of 2485421?
2485421
List the prime factors of 103583.
103583
List the prime factors of 22298090.
2, 5, 2229809
List the prime factors of 2353.
13, 181
What are the prime factors of 1540160?
2, 5, 4813
List the prime factors of 15002527.
179, 83813
List the prime factors of 2978027.
13, 277, 827
List the prime factors of 7900140.
2, 3, 5, 353, 373
What are the prime factors of 3430935?
3, 5, 76243
List the prime factors of 204087.
3, 13, 5233
What are the prime factors of 8324547?
3, 7, 11, 36037
What are the prime factors of 92915?
5, 18583
List the prime factors of 11270.
2, 5, 7, 23
What are the prime factors of 1205873?
19, 63467
List the prime factors of 1643106.
2, 3, 53, 5167
List the prime factors of 5300206.
2, 59, 44917
List the prime factors of 17581375.
5, 7, 71, 283
List the prime factors of 326576.
2, 20411
List the prime factors of 567482.
2, 283741
List the prime factors of 4133742.
2, 3, 688957
What are the prime factors of 1263963?
3, 31, 13591
What are the prime factors of 434902?
2, 13, 43, 389
List the prime factors of 2531325.
3, 5, 33751
List the prime factors of 153042.
2, 3, 23, 1109
List the prime factors of 670001.
670001
What are the prime factors of 188108?
2, 31, 37, 41
What are the prime factors of 9249677?
281, 32917
List the prime factors of 197570.
2, 5, 23, 859
What are the prime factors of 618795?
3, 5, 13751
What are the prime factors of 5028758?
2, 7, 31, 11587
List the prime factors of 18076610.
2, 5, 17, 113, 941
List the prime factors of 5068530.
2, 3, 5, 199, 283
What are the prime factors of 35364?
2, 3, 7, 421
List the prime factors of 2432879.
349, 6971
List the prime factors of 7816309.
31, 252139
List the prime factors of 321412.
2, 7, 13, 883
List the prime factors of 9569830.
2, 5, 353, 2711
What are the prime factors of 20383600?
2, 5, 131, 389
List the prime factors of 9569450.
2, 5, 11, 127, 137
What are the prime factors of 213655?
5, 13, 19, 173
What are the prime factors of 1630997?
17, 37, 2593
List the prime factors of 856394.
2, 7, 11, 67, 83
What are the prime factors of 8757731?
1039, 8429
List the prime factors of 929390.
2, 5, 7, 11, 17, 71
What are the prime factors of 22896501?
3, 17, 19, 23629
What are the prime factors of 1090197?
3, 29, 4177
What are the prime factors of 7172755?
5, 53, 27067
What are the prime factors of 50577?
3, 23, 733
What are the prime factors of 64214?
2, 97, 331
What are the prime factors of 2280093?
3, 83, 9157
What are the prime factors of 393500?
2, 5, 787
List the prime factors of 283160.
2, 5, 7079
List the prime factors of 888765.
3, 5, 193, 307
What are the prime factor